29
Suppose 0 = m - 9 - 10. Suppose -m = 5*p - 359. List the prime factors of p.
2, 17
Let g = -261 - -406. Let n = g - 90. What are the prime factors of n*1 - 36/9?
3, 17
Let i = -757 - -961. List the prime factors of i.
2, 3, 17
Let n(o) = 13 - 14*o + 0 + 13*o + 33. List the prime factors of n(17).
29
Let b(p) = 18*p + p**3 - 46*p + 4 + 3 + 23*p + 6*p**2. What are the prime factors of b(-6)?
37
Let f be 4/14 + (-165)/(-35). Suppose -17 = -f*k + 48. Let r(q) = q**3 - 14*q**2 + 13*q + 8. What are the prime factors of r(k)?
2
Let o(r) = 8*r - 5. Let p be o(1). Suppose -4*a - 4*i = -3*a - 138, p*a = i + 479. What are the prime factors of a?
2, 79
Let o = -1464 + 2417. What are the prime factors of o?
953
Let x = -1966 + 2270. List the prime factors of x.
2, 19
Suppose -5*n = -9 - 1. Suppose -n*v + 87 = -55. List the prime factors of v.
71
Suppose 3*k + 8 = o + o, 3*o = -4*k + 29. List the prime factors of o + -2 + 8 + -2.
11
Let k(q) = 81*q**2 - 14*q + 6. What are the prime factors of k(5)?
37, 53
Let u = 2603 + 2380. What are the prime factors of u?
3, 11, 151
Let a(d) = -d + 10. Let j be a(8). Suppose -113 = -5*x + 4*f, j*x - 37 = -f + 3. What are the prime factors of x?
3, 7
Let t(m) = -m**2 - 5*m - 4. Let p be t(-4). Let w(k) = -k**3 + k. Let z be w(p). Suppose -h + 5*h - 88 = z. What are the prime factors of h?
2, 11
Suppose -4*x = -0*x - 5*j + 20, -3*x + 2*j = 8. Suppose x = 3*g + 4*l - 4, -4*g + 7*l - 3*l = -24. Suppose 0 = -a + 16 + g. List the prime factors of a.
2, 5
Let t = 131 + 1075. What are the prime factors of t?
2, 3, 67
Let t(m) = 254*m + 44. List the prime factors of t(4).
2, 5, 53
What are the prime factors of (-9)/(108/(-8)) - 5748/(-18)?
2, 5
Let d(u) = -u**3 + 2*u**2 - 4. List the prime factors of d(-2).
2, 3
Let n be (-389241)/(-15) - 6/(-10). List the prime factors of (-1)/6 + 0 + n/180.
2, 3
Suppose 6*o - 4 = 20. Suppose -o*y = -3*q - y + 354, -5*q = -2*y - 581. List the prime factors of q.
5, 23
Suppose 0 = -2*m + 3*f - 14, -2*m + 21 = -5*m + f. Let z = m + 10. Let h = 6 - z. List the prime factors of h.
3
Suppose -7*s + 1348 = -955. What are the prime factors of s?
7, 47
Let c(m) = -41*m + 16. Let v be c(4). Let y = 246 + v. List the prime factors of y.
2, 7
Let z(p) = p**2 + 4*p - 27. Let q be z(-8). Let a be 138/4*(-20)/(-15). Suppose -3*m - q*v = -87, -a = -0*m - m + 4*v. What are the prime factors of m?
2, 17
Suppose -6298 - 7692 = -10*m. What are the prime factors of m?
1399
Suppose -4*h + 8 + 12 = 0. Suppose 0 = -h*o, 126 = 4*s - 5*o - 190. List the prime factors of s.
79
Let v(p) = p**2 - 4*p - 3. Let x be v(5). Suppose a - x*q = 43, -3*q = -5*a - q + 255. List the prime factors of a.
53
Let b(w) = 13 + 11 + 29*w - 21. Let y be b(8). Suppose 3*d - y = -4*q - 83, 158 = 3*d - 2*q. List the prime factors of d.
2, 13
What are the prime factors of 27/(-108) - (-6057)/4?
2, 757
Let a(p) = 6*p + 7. Let o be a(-3). What are the prime factors of (-101)/o + (-6)/33?
3
Let s = -1700 - -3414. List the prime factors of s.
2, 857
Let y = -65 + 190. Let v = y - 113. What are the prime factors of v?
2, 3
List the prime factors of 98/21*5346/21.
2, 3, 11
Let y(k) = 33*k**3 - 4*k**2 + 3*k - 2. What are the prime factors of y(2)?
2, 3, 7
Let k(z) be the first derivative of 55*z**3/3 - 2*z**2 + z - 38. What are the prime factors of k(2)?
3, 71
Let j be 0 + 3 + -15 - 3. What are the prime factors of (42/j)/(2/(-15))?
3, 7
Let z = 286 - 167. What are the prime factors of z?
7, 17
Suppose -2*b = -3912 - 862. List the prime factors of b.
7, 11, 31
Suppose -4*x - 3*d + 28 = 0, x = -2*x - 5*d + 32. Suppose 0 = -2*c - x*c + 558. List the prime factors of c.
3, 31
What are the prime factors of (-18)/18*(-127)/(0 - -1)?
127
Suppose 0 = 7*v - 3172 - 3506. List the prime factors of v.
2, 3, 53
Let i = -15 - -18. Suppose -i*c - 4 = 5*a - 2, 2*c + 6 = -a. Suppose 0*m + 74 = 3*r + a*m, -5*r - 5*m + 125 = 0. What are the prime factors of r?
2, 3
Let m = 11336 + -5965. List the prime factors of m.
41, 131
Let n(g) = 7*g + 4. Let k be n(-7). Let b be 12/(-4) + k - -1. Let t = 67 + b. What are the prime factors of t?
2, 5
Let h = -267 - -417. Suppose k = 3*g - 177, 5*k + 97 = 4*g - h. List the prime factors of g.
2, 29
Let v(l) = l. Let f be v(0). Suppose -h + f = -5. Suppose -s + 2*t = 6*t - 38, -h*t + 130 = 4*s. What are the prime factors of s?
2, 3, 5
Let u = -25 + 29. Suppose 0 = u*s - 4*h - 148, 5*s + 4*h + 0*h = 176. List the prime factors of s.
2, 3
Let h(x) = -x**3 - 5*x**2 + 17*x - 16. What are the prime factors of h(-12)?
2, 197
Let f(m) = 7*m**3 + 9*m**2 - 18*m - 7. Let l(q) = 3 - q + 0*q - 5*q**2 + 10*q - 3*q**3. Let i(t) = -4*f(t) - 9*l(t). What are the prime factors of i(7)?
2, 3
Suppose r + 67 = 517. What are the prime factors of r?
2, 3, 5
Suppose -5*i = -g - 44, i + 0 - 12 = -3*g. List the prime factors of (-414)/15*(1 - 69/i).
2, 23
Suppose 14885 = 203*u - 190*u. What are the prime factors of u?
5, 229
Suppose -30*d + 26*d = -q + 1896, -5*d + 9455 = 5*q. What are the prime factors of q?
2, 11, 43
Suppose -10*b = 5*b - 6240. List the prime factors of b.
2, 13
Suppose 8 = 6*y - 2*y - 2*l, 5*l = -2*y + 4. Suppose -2*a = -3*w + 5, -2*a - y*w + w = -7. What are the prime factors of a/15 - (-418)/15?
2, 7
Suppose 13 = -5*h + 3. Let k be (-31)/(-11) + h/(-11). Suppose -5*v + 28 = -k*v. What are the prime factors of v?
2, 7
Suppose -f = 3*h + h - 15, 4*f = -3*h + 8. Let n be (6/f)/2 - -68. Let r = n - 38. What are the prime factors of r?
3
Let l = 6319 - 4321. What are the prime factors of l?
2, 3, 37
Let f(p) = -5*p + 4. Let a be f(5). Let m(x) = -6*x + 19. Let w be m(10). Let y = a - w. What are the prime factors of y?
2, 5
Let p = 19 + -15. Let x be (5 - p)*(-16)/(-2). List the prime factors of -2*4/x + 31.
2, 3, 5
Suppose t = -2*i + i + 1, 5*i = 4*t + 14. Suppose -3*d + 3 = -5*v, 0*d - i = -2*v - 2*d. Let a = v + 22. What are the prime factors of a?
2, 11
Let h(v) = -v**2 + 6*v - 4. Let a be h(4). Suppose 1 + 11 = a*y. Let k(c) = c**3 - c**2 - 2*c - 3. List the prime factors of k(y).
3
Let k(d) = 2*d + 1. Let y be k(1). Suppose 2*l + 9 = y*l - 3*q, 2*q = 4*l - 56. Suppose 2*i = -i + l. What are the prime factors of i?
5
Let o(i) = -i**2 + 9*i - 10. Let h be o(8). List the prime factors of ((-9)/(-6) + h)/(3/(-534)).
89
What are the prime factors of (-3451)/(-1) - (-12)/(-30)*-5?
3, 1151
Let h(k) = 2*k**3 - k**2 - 3*k + 2. Let t be h(2). List the prime factors of ((-341)/(-22))/(1/t).
2, 31
Suppose 3*j - 2*w = 8386, 1037 = 2*j + 3*w - 4558. What are the prime factors of j?
2, 3, 233
Let y = -1041 + 1865. What are the prime factors of y?
2, 103
Suppose z - 1176 = 5*r, 26*r = 4*z + 21*r - 4749. List the prime factors of z.
3, 397
Let g(q) = 7*q**2 - 3*q + 0*q**2 - 5*q**2 - 2. Let z be g(3). List the prime factors of (z/1)/((-4)/(-8)).
2, 7
Let c(n) = -n**3 + 20*n**2 - 28*n + 108. What are the prime factors of c(17)?
499
Let b be 6*-1*(5 + -4). Let f = b - -4. List the prime factors of (20/5)/(f/(-19)).
2, 19
Let q be (-8)/3*6/(-4). Suppose -q*c + 28 = -3*c. What are the prime factors of c?
2, 7
Let k be (-9)/(-2)*(-12)/(-27). List the prime factors of k/(-1)*46/(-4).
23
Let i(z) be the second derivative of -z**4/12 + z**3/2 + 3*z**2/2 - 8*z. What are the prime factors of i(2)?
5
Let j(r) = -r**2 - r. Let i(q) = q**3 - q**2 - q + 1. Let n(y) = y**2 - 5*y - 7. Let k be n(6). Let c(m) = k*i(m) - j(m). What are the prime factors of c(2)?
3
List the prime factors of 161 - -13 - (0 + (-5 - -3)).
2, 11
Let c = 123 + -19. List the prime factors of c.
2, 13
What are the prime factors of (-16)/(-8)*-2 + 352?
2, 3, 29
What are the prime factors of (-8 - (-49)/7) + (-2171)/(-1)?
2, 5, 7, 31
Let l(d) = -d**3 + 13*d**2 + d - 31. What are the prime factors of l(10)?
3, 31
List the prime factors of ((-6)/(4 - 1))/(-1) + 290.
2, 73
Let u(k) = 8*k + 51. List the prime factors of u(12).
3, 7
Let n = -71 + 98. List the prime factors of n.
3
Let s = -136 - -74. Let n = -1 - s. List the prime factors of n.
61
Let c(p) = -2*p - 14. Let z be c(-10). Suppose o = -3*w + z*w - 14, -15 = -2*w - 5*o. Suppose -7 - w = -2*v. What are the prime factors of v?
2, 3
Let z be (-2)/6 - (-10)/(-6). Let o be 221/(-65) + z/(-5). What are the prime factors of 3 + 17 + 6/o?
